nd c.
1
Suppose -3 = 2*s + c + 3, 2*s + 3*c = -14. Let x be (-108)/(-3) + -3 + s. Calculate the highest common factor of 4 and x.
4
Suppose d - 65 = -3*p, 0 = -d - p - 3*p + 65. What is the highest common factor of d and 26?
13
Let t(z) = 5*z - 17. Let u be t(10). What is the greatest common factor of u and 3?
3
Suppose 0 = f + 1 - 6. What is the highest common factor of 15 and f?
5
Let n = -2 - -3. Let c be (-3)/n*(-7 + 2). Let h(o) = o + 11. Let l be h(-6). What is the greatest common divisor of c and l?
5
Suppose b - 84 = -2*f - 3*b, 0 = -5*f - b + 201. Calculate the greatest common factor of 20 and f.
20
Let q(z) = z**2 + 3*z - 2. Let n be q(-4). Suppose 2*p + 1 - 17 = 0. What is the greatest common divisor of n and p?
2
Suppose 2*s = -3*m + 12, -4*s + 21 = -m - 17. Let p = -23 - -50. What is the greatest common factor of p and s?
9
Suppose 92 = 5*d - 3. Suppose 6 = 5*v - 2*v, -l - 254 = 2*v. Let z = -125 - l. What is the highest common factor of d and z?
19
Let k be 25 - (-3)/(2 - 3). Let n = 152 - 97. Calculate the highest common divisor of k and n.
11
Suppose 0*p = 3*p + 3*v - 156, p - 42 = 4*v. Let t be ((-108)/10)/((-15)/p). What is the greatest common divisor of t and 9?
9
Suppose 3 + 5 = o. Let f(r) = r + 4. Let c be f(o). What is the greatest common divisor of c and 18?
6
Suppose -4*o + 16 + 0 = 0, -4*v - 3*o = -164. Let h(b) = 96*b**2 + 2*b + 1. Let x be h(-1). Calculate the greatest common factor of v and x.
19
Let m(o) = -17*o + 2. Let c be m(-1). Suppose 5*u + 208 = 4*h, -3*h + u + 170 = 3. What is the highest common divisor of c and h?
19
Suppose 2 - 12 = 5*c. Let b = c - -6. What is the highest common factor of 10 and b?
2
Let g(m) = 11*m - 7. Let d be (-76)/(-12) - (-4)/6. Let s be g(d). Suppose -4*c = -7*c + 42. What is the highest common factor of c and s?
14
Let l be (1/(-1))/(4 + -3). Let t be 0 - (-32)/(3 - l). What is the greatest common factor of 1 and t?
1
Suppose -37 + 70 = 3*y. Calculate the greatest common divisor of y and 165.
11
Let m(r) = -3*r - 11. Let z be m(-8). Let i = z + -11. Let d(s) = 8*s + 2. Let v be d(2). What is the highest common divisor of v and i?
2
Suppose 0*r = -c - r + 87, 3*c + 5*r = 271. Calculate the highest common factor of 123 and c.
41
Suppose 4*m = -12, -5*m - 48 = -2*q - q. Let f be (-922)/(-12) - (-15)/90. What is the greatest common factor of f and q?
11
Let h(b) = 10*b**2 + 4*b + 3. Let p be h(-2). Suppose -p = -7*v + 2*v. Calculate the highest common factor of 28 and v.
7
Let y(t) = -22*t + 24. Let u be y(-6). Calculate the highest common divisor of u and 12.
12
Let q(u) = -u**2 + 9*u + 1. Let i be q(9). Let f = 4 - 4. Let o = i + f. Calculate the greatest common factor of 5 and o.
1
Suppose 4*w + 2*a + 118 - 352 = 0, -4*w = 5*a - 231. What is the highest common factor of 59 and w?
59
Let c be (-33)/(-3)*(1 + -2). Let y be (c + 1)*(-15)/6. Suppose 4*i + 1 = y. Calculate the highest common factor of i and 2.
2
Let w = 1 + 16. Suppose 5 = 2*t - 2*x - w, -3*t - 3*x = -57. Calculate the highest common factor of t and 6.
3
Let j = -14 - -16. What is the greatest common factor of j and 3?
1
Suppose -7 = -3*q + 26. Let b = 414 + -694. Let h = 401 + b. What is the greatest common divisor of q and h?
11
Suppose -f = 3*f - 20. Suppose f*b - 53 = 52. What is the highest common divisor of 7 and b?
7
Let s(a) = 3*a**2 - 8*a + 11. Let h be s(-7). Let b = 379 - h. Calculate the highest common factor of b and 15.
15
Let r be ((-1)/2)/(5 - 255/50). What is the highest common divisor of 40 and r?
5
Let j(x) be the second derivative of -1/3*x**4 + 0 + x**2 + 1/20*x**5 - 7/6*x**3 + x. Let q be j(6). What is the highest common divisor of q and 16?
16
Let g = 64 - 32. Let b(i) = -5*i - 1. Let j(v) = -1. Let l(r) = b(r) + j(r). Let k be l(-2). Calculate the greatest common factor of k and g.
8
Suppose f + 596 = 4*l + 3*f, 3*f = -2*l + 306. Suppose -3*o - 2*o - 5*a + 120 = 0, -o + a = -18. What is the highest common divisor of o and l?
21
Let b be (16 + 8)*(2 - 1). Calculate the highest common factor of b and 60.
12
Let q = 55 - 51. What is the highest common divisor of q and 12?
4
Suppose -3 + 129 = 3*b + 3*k, 5*b = 4*k + 174. What is the greatest common factor of 418 and b?
38
Let i(b) = b + 5. Let z be i(9). Calculate the highest common factor of 14 and z.
14
Suppose -3*f - 4*u + 3 + 4 = 0, 3*u - 3 = 0. Suppose -2*a + 13 = -5. Suppose -o = 2*o - a. What is the greatest common divisor of f and o?
1
Let d be (19 - (-1)/1)/2. What is the highest common factor of 90 and d?
10
Let x be 0 + 7 + 1 + 0. Suppose -4*o = -5*h - 291, 3*o - 242 + 23 = 3*h. Let v = 14 + o. What is the greatest common divisor of v and x?
8
Suppose -4*m - 4*a = -130 - 622, -m + 2*a = -176. Calculate the greatest common divisor of m and 23.
23
Let w(h) = h**3 - 10*h**2 + 5*h - 8. Let i be w(11). Calculate the greatest common divisor of 21 and i.
21
Let g = 17 + -13. Calculate the highest common divisor of g and 36.
4
Let h(j) = 6*j - 4. Let o be h(5). Let y(r) = r**2 + 0*r**2 - 5 + 2. Let t be y(-4). What is the greatest common divisor of o and t?
13
Let t = 3 - 1. Suppose 0 = 3*p - 2*j - t*j - 52, 5*p = 4*j + 76. Suppose -p = -v - 2*k, 2*v + 4*k = -k + 27. Calculate the greatest common divisor of 2 and v.
2
Suppose -7 = 4*s - 103. Suppose 3*g = -3*h + 54 - 18, -4*g + 2*h + 72 = 0. Calculate the greatest common factor of g and s.
8
Let g(o) = -o**2 + 8*o - 12. Let v be g(8). Let c = 72 + v. Calculate the greatest common factor of 15 and c.
15
Suppose 3*v - 4*h - 67 = -6*h, 3*v - 65 = -4*h. Suppose 3*a - v = -z + 27, 4*a - 5*z - 54 = 0. What is the greatest common divisor of 112 and a?
16
Let y be 1/4*2*4. Let n be (-1)/y*4/2. Let u be 2 - (n + 1) - -2. Calculate the greatest common divisor of u and 12.
4
Let d = 23 + -7. Calculate the greatest common divisor of 160 and d.
16
Suppose 5*v - 21 - 9 = 0. What is the greatest common divisor of 42 and v?
6
Let m = -67 + 42. Let b = -13 - m. Suppose 0 = 4*z + t - 388, 3*z = 4*z + 3*t - 108. Calculate the greatest common divisor of b and z.
12
Let s be (1 - -2)*(-168)/(-9). Let h be 24/18*(-3)/(-2). Suppose 2*q = h*f - 24, 3*f + 4*q + 0 - 1 = 0. What is the greatest common factor of f and s?
7
Let a = 66 + -49. Suppose 5*l - 85 = 2*u, 5*u - 85 = 3*l - 8*l. What is the highest common divisor of a and l?
17
Let h be (-8)/(-20) - (-7)/(-5). Let n = h + 7. What is the greatest common divisor of 9 and n?
3
Let b = 10 - 7. Let z = 22 - 13. Let v = -3 + z. Calculate the highest common factor of v and b.
3
Let p be 2*(-3)/(-18)*-15. Let v = -5 - p. Suppose u - 2*n - 13 - 13 = v, 5*u - 100 = 4*n. Calculate the greatest common factor of u and 112.
16
Let h = 11 - 3. Suppose -81 = -n + 3*m, 4*n - 2*n - m = 147. Suppose -l - n = -2*l. Calculate the greatest common divisor of l and h.
8
Suppose 42 = 5*z + v, -2*z = 3*z + 3*v - 36. Calculate the greatest common factor of 27 and z.
9
Let u = 6 - 4. Let l = 42 + -26. Calculate the greatest common divisor of u and l.
2
Let h = 25 + -3. What is the greatest common divisor of 11 and h?
11
Let b(y) = -5*y + 4. Let s be b(-4). Let x = s + -13. Let a(w) = -w**3 - 4*w**2 - 5*w - 6. Let k be a(-5). Calculate the highest common divisor of k and x.
11
Let z(i) = -7*i - 6. Let p be z(-4). Suppose -p = -x - x. What is the greatest common divisor of x and 88?
11
Let u(o) be the first derivative of 4*o**2 - 6*o - 2. Let r be u(6). Calculate the greatest common factor of 28 and r.
14
Let w be 0 + 1 - 3 - -37. Let c be (-1 - -37) + (-7)/7. Suppose 2*k - c = -0*k - 5*t, -5*t - w = -5*k. What is the greatest common factor of k and 70?
10
Suppose 5*u + 3*k - 123 = 0, -4*u = -5*u - 4*k + 28. Let n(v) = -v**3 + 10*v**2 - 10*v + 12. Let r be n(9). What is the greatest common divisor of u and r?
3
Let r = -14 - -6. Let c = r + 11. Suppose 3*w - 10 = -i + c*i, 4*i = -w + 8. What is the greatest common factor of i and 8?
1
Let w(a) = -8*a - 8. Let r be (-1 - -2)/(1/(-7)). Let m be w(r). Calculate the highest common divisor of 16 and m.
16
Let q be (-6072)/(-32) - (-2)/8. What is the greatest common factor of 76 and q?
38
Suppose 0*u - 12 = -3*u. Let x be (-30)/(-9) + u/6. Suppose -q - 48 = -x*q. What is the greatest common factor of 128 and q?
16
Let w(v) = -3*v - 7. Let g(y) = 